149.
39
What is the remainder when 3810 is divided by 93?
90
Calculate the remainder when 113948 is divided by 50.
48
Calculate the remainder when 2556 is divided by 610.
116
What is the remainder when 3952 is divided by 979?
36
What is the remainder when 796023 is divided by 199000?
23
What is the remainder when 12789 is divided by 3196?
5
What is the remainder when 4427 is divided by 2213?
1
What is the remainder when 66954 is divided by 33475?
4
What is the remainder when 10384 is divided by 117?
88
Calculate the remainder when 14733 is divided by 162.
153
Calculate the remainder when 4045 is divided by 62.
15
What is the remainder when 9979 is divided by 3269?
172
Calculate the remainder when 28772 is divided by 405.
17
What is the remainder when 197697 is divided by 955?
12
What is the remainder when 48173 is divided by 259?
258
Calculate the remainder when 122854 is divided by 836.
798
Calculate the remainder when 1161157 is divided by 387052.
1
What is the remainder when 3015 is divided by 157?
32
What is the remainder when 581186 is divided by 572?
34
Calculate the remainder when 13521 is divided by 38.
31
What is the remainder when 25813 is divided by 146?
117
Calculate the remainder when 43451 is divided by 2896.
11
What is the remainder when 22849 is divided by 476?
1
Calculate the remainder when 4375 is divided by 1809.
757
What is the remainder when 195093 is divided by 44?
41
What is the remainder when 6745 is divided by 3250?
245
Calculate the remainder when 14342 is divided by 510.
62
Calculate the remainder when 1237180 is divided by 208.
204
What is the remainder when 22869 is divided by 47?
27
Calculate the remainder when 13077 is divided by 4352.
21
Calculate the remainder when 28079 is divided by 6945.
299
Calculate the remainder when 8521 is divided by 139.
42
Calculate the remainder when 13077 is divided by 13066.
11
Calculate the remainder when 72214 is divided by 36028.
158
What is the remainder when 43723 is divided by 24?
19
What is the remainder when 61911 is divided by 102?
99
Calculate the remainder when 143327 is divided by 6514.
19
What is the remainder when 15724 is divided by 449?
9
Calculate the remainder when 49156 is divided by 523.
517
What is the remainder when 3967 is divided by 229?
74
Calculate the remainder when 565248 is divided by 141298.
56
Calculate the remainder when 17147 is divided by 279.
128
Calculate the remainder when 2947 is divided by 122.
19
Calculate the remainder when 56216 is divided by 70.
6
Calculate the remainder when 844189 is divided by 15928.
5
What is the remainder when 11307 is divided by 275?
32
Calculate the remainder when 93555 is divided by 26.
7
Calculate the remainder when 23581 is divided by 8.
5
Calculate the remainder when 3119 is divided by 2.
1
Calculate the remainder when 104627 is divided by 1036.
1027
What is the remainder when 6093 is divided by 3025?
43
Calculate the remainder when 3581 is divided by 427.
165
What is the remainder when 42034 is divided by 9?
4
Calculate the remainder when 12806 is divided by 314.
246
What is the remainder when 21512 is divided by 66?
62
Calculate the remainder when 6154 is divided by 2880.
394
Calculate the remainder when 19915 is divided by 17.
8
Calculate the remainder when 3637 is divided by 161.
95
Calculate the remainder when 1167 is divided by 137.
71
What is the remainder when 1687 is divided by 113?
105
Calculate the remainder when 115185 is divided by 450.
435
What is the remainder when 1308 is divided by 385?
153
What is the remainder when 23820 is divided by 1253?
13
What is the remainder when 119355 is divided by 101?
74
Calculate the remainder when 2487 is divided by 610.
47
Calculate the remainder when 41160 is divided by 16.
8
Calculate the remainder when 14551 is divided by 214.
213
What is the remainder when 354360 is divided by 23?
22
What is the remainder when 35733 is divided by 715?
698
Calculate the remainder when 3500 is divided by 582.
8
What is the remainder when 175344 is divided by 575?
544
Calculate the remainder when 10524 is divided by 585.
579
Calculate the remainder when 12566 is divided by 382.
342
Calculate the remainder when 748 is divided by 743.
5
What is the remainder when 69704 is divided by 17401?
100
What is the remainder when 29503 is divided by 73?
11
Calculate the remainder when 531568 is divided by 321.
313
Calculate the remainder when 118973 is divided by 59485.
3
Calculate the remainder when 4154 is divided by 245.
234
What is the remainder when 22205 is divided by 82?
65
Calculate the remainder when 6434 is divided by 495.
494
Calculate the remainder when 1752 is divided by 135.
132
What is the remainder when 11063 is divided by 393?
59
What is the remainder when 3282 is divided by 53?
49
What is the remainder when 26000 is divided by 187?
7
What is the remainder when 30574 is divided by 1687?
208
What is the remainder when 9080 is divided by 1571?
1225
Calculate the remainder when 1085 is divided by 227.
177
What is the remainder when 9382 is divided by 495?
472
Calculate the remainder when 5091 is divided by 102.
93
What is the remainder when 2740 is divided by 143?
23
What is the remainder when 151709 is divided by 65?
64
Calculate the remainder when 3231 is divided by 1362.
507
What is the remainder when 877886 is divided by 32?
30
Calculate the remainder when 28040 is divided by 4672.
8
What is the remainder when 247 is divided by 125?
122
What is the remainder when 2267 is divided by 29?
5
Calculate the remainder when 104688 is divided by 190.
188
Calculate the remainder when 1336 is divided by 157.
80
Calculate the remainder when 8859 is divided by 187.
70
What is the remainder when 48629 is divided by 4?
1
Calculate the remainder when 2280557 is divided by 58.
55
Calculate the remainder when 27649 is divided by 51.
7
Calculate the remainder when 1228226 is divided by 35092.
6
Calculate the remainder when 16510 is divided by 193.
105
Calculate the remainder when 941 is divided by 353.
235
What is the remainder when 545622 is divided by 28?
14
Calculate the remainder when 9029 is divided by 238.
223
Calculate the remainder when 4681 is divided by 11.
6
Calculate the remainder when 203589 is divided by 34.
31
What is the remainder when 424003 is divided by 604?
599
Calculate the remainder when 31584 is divided by 243.
237
Calculate the remainder when 1731 is divided by 95.
21
What is the remainder when 1173553 is divided by 86?
83
What is the remainder when 13830 is divided by 18?
6
Calculate the remainder when 87686 is divided by 10953.
62
What is the remainder when 139257 is divided by 128?
121
What is the remainder when 46150 is divided by 51?
46
What is the remainder when 2458173 is divided by 59?
56
Calculate the remainder when 3756 is divided by 20.
16
Calculate the remainder when 13119 is divided by 81.
78
Calculate the remainder when 2906 is divided by 1417.
72
What is the remainder when 20966 is divided by 68?
22
Calculate the remainder when 6678 is divided by 6201.
477
What is the remainder when 186154 is divided by 93021?
112
Calculate the remainder when 1877 is divided by 710.
457
What is the remainder when 8619 is divided by 660?
39
Calculate the remainder when 13158 is divided by 17.
0
Calculate the remainder when 708 is divided by 28.
8
Calculate the remainder when 26639 is divided by 80.
79
What is the remainder when 31763 is divided by 14?
11
Calculate the remainder when 4493767 is divided by 571.
568
Calculate the remainder when 834722 is divided by 417349.
24
Calculate the remainder when 36258 is divided by 9058.
26
What is the remainder when 813 is divided by 395?
23
Calculate the remainder when 34359 is divided by 179.
170
Calculate the remainder when 12526 is divided by 21.
10
What is the remainder when 73129 is divided by 355?
354
Calculate the remainder when 732933 is divided by 183230.
13
Calculate the remainder when 7048 is divided by 440.
8
What is the remainder when 857 is divided by 298?
261
Calculate the remainder when 9664 is divided by 197.
11
What is the remainder when 1122 is divided by 18?
6
What is the remainder when 392 is divided by 387?
5
What is the remainder when 3161 is divided by 1041?
38
What is the remainder when 54547 is divi